582672?
False
Is 10 a factor of 6950280?
True
Is 126520864 a multiple of 2?
True
Does 542 divide 30376932?
True
Does 215 divide 3004735940?
True
Does 513 divide 169304877?
True
Is 2119 a factor of 2297275708?
True
Is 393537717 a multiple of 313?
True
Does 1614 divide 78692945?
False
Is 155898425 a multiple of 224?
False
Is 787 a factor of 200331695?
False
Is 2076015488 a multiple of 814?
False
Does 3370 divide 20662692?
False
Is 517 a factor of 57411233?
False
Is 416 a factor of 116369513?
False
Does 159 divide 376283898?
False
Is 1200415593 a multiple of 767?
True
Is 1079 a factor of 159392038?
True
Does 4415 divide 164600030?
True
Is 54430239 a multiple of 849?
True
Does 628 divide 55989395?
False
Is 2478566295 a multiple of 54?
False
Does 37 divide 8541550?
False
Is 115993573 a multiple of 3617?
True
Is 345 a factor of 186689298?
False
Is 1160 a factor of 23009760?
True
Is 641 a factor of 237731564?
False
Is 7212209323 a multiple of 9301?
True
Is 4496040 a multiple of 360?
True
Is 33932260 a multiple of 1315?
True
Is 253 a factor of 89850420?
True
Is 155620102 a multiple of 11?
True
Does 2 divide 8705214?
True
Is 63550589 a multiple of 14?
False
Is 103 a factor of 18762769?
False
Is 2780737 a multiple of 131?
True
Is 13 a factor of 586430741?
True
Is 15032891 a multiple of 35?
False
Does 458 divide 50870060?
True
Does 34 divide 1088905?
False
Is 1180120079 a multiple of 424?
False
Does 322 divide 4213833680?
True
Does 13 divide 7878637?
True
Is 339698489 a multiple of 9?
False
Does 14 divide 11289558?
True
Is 17 a factor of 908941625?
False
Is 34824504 a multiple of 556?
True
Is 4 a factor of 10284420?
True
Does 213 divide 33991605?
True
Is 239 a factor of 119831382?
False
Is 430 a factor of 193072047?
False
Is 3083 a factor of 1408849479?
False
Does 17 divide 114489781?
True
Is 5089194 a multiple of 17?
False
Is 1832325222 a multiple of 53?
True
Does 97 divide 2162656419?
True
Is 8727642 a multiple of 6?
True
Is 1084147636 a multiple of 572?
True
Is 265 a factor of 194058274?
False
Is 148626327 a multiple of 3303?
False
Does 8 divide 9335154?
False
Is 21636473 a multiple of 346?
False
Is 130619874 a multiple of 17?
True
Does 39 divide 144818847?
False
Is 23 a factor of 55696102?
False
Is 156 a factor of 1091141?
False
Does 6 divide 1121700756?
True
Is 12 a factor of 158233740?
True
Is 15741000 a multiple of 12?
True
Is 40 a factor of 1077961360?
True
Is 2214 a factor of 983930382?
True
Does 873 divide 401395557?
False
Is 12374046 a multiple of 128?
False
Does 265 divide 19549215?
False
Is 102397081 a multiple of 23?
True
Is 3225435 a multiple of 35?
False
Is 16067808 a multiple of 432?
True
Does 19 divide 13583480?
True
Does 8 divide 125759995?
False
Does 415 divide 364221845?
True
Does 8 divide 198728512?
True
Is 17067750 a multiple of 210?
True
Is 288296001 a multiple of 1623?
False
Is 105450720 a multiple of 40?
True
Is 2677 a factor of 53339225?
True
Is 888965 a multiple of 1361?
False
Does 41 divide 82821312?
True
Is 2798 a factor of 1140697034?
True
Is 1114 a factor of 42326430?
True
Is 21 a factor of 503436864?
True
Does 15 divide 506840382?
False
Is 37657551 a multiple of 7?
False
Does 169 divide 940014842?
True
Is 32 a factor of 13176828?
False
Is 395 a factor of 233080817?
False
Is 2076540074 a multiple of 9?
False
Is 13 a factor of 1029077842?
True
Is 96 a factor of 818283648?
True
Is 379847 a multiple of 479?
True
Is 9 a factor of 2400388751?
False
Is 316 a factor of 2576827372?
True
Is 31 a factor of 4443509?
True
Does 1089 divide 3767468206?
False
Does 1531 divide 6229603?
False
Does 79 divide 29420548?
True
Is 147 a factor of 30387105?
True
Is 173 a factor of 8566095?
True
Does 3 divide 132586293?
True
Is 778 a factor of 478603038?
True
Is 49 a factor of 10461353?
True
Is 26 a factor of 166590253?
False
Is 150581575 a multiple of 575?
True
Is 806 a factor of 228565480?
True
Does 14 divide 5037581010?
True
Does 46 divide 16700506?
False
Is 13938956 a multiple of 422?
False
Does 15 divide 14269365?
True
Is 6818146 a multiple of 78?
False
Is 2825 a factor of 2932923475?
True
Does 248 divide 30446993?
False
Does 33 divide 2658486?
False
Does 3 divide 7550860?
False
Is 1207 a factor of 1090093?
False
Is 1296636 a multiple of 141?
True
Is 135289872 a multiple of 116?
True
Is 220 a factor of 43294900?
True
Does 1079 divide 410773104?
False
Is 16936842 a multiple of 6?
True
Is 469931895 a multiple of 952?
False
Is 1716905810 a multiple of 22?
False
Is 16 a factor of 39995104?
True
Is 2590 a factor of 766448340?
True
Does 126 divide 30506895?
False
Is 28 a factor of 1449959739?
False
Is 8 a factor of 15173424?
True
Is 13 a factor of 1072293781?
True
Is 46827254 a multiple of 547?
False
Is 25 a factor of 21145650?
True
Is 1605262404 a multiple of 174?
True
Does 8847 divide 2176459317?
True
Is 1636324732 a multiple of 165?
False
Is 65 a factor of 21795735?
True
Is 479027626 a multiple of 3176?
False
Does 16 divide 41937696?
True
Is 71035891 a multiple of 630?
False
Does 34 divide 33492275?
False
Does 3018 divide 1605087653?
False
Is 2444263131 a multiple of 69?
False
Is 79 a factor of 359831164?
False
Does 879 divide 26600298?
True
Does 35 divide 219678340?
True
Does 24 divide 545890800?
True
Is 760219444 a multiple of 1265?
False
Does 2563 divide 517802438?
False
Is 96 a factor of 62448588?
False
Is 14961999 a multiple of 332?
False
Does 394 divide 67009319?
False
Does 1009 divide 80375351?
False
Does 3260 divide 2699628398?
False
Is 22 a factor of 82585619?
False
Is 40273612 a multiple of 1911?
False
Is 128793381 a multiple of 57?
True
Is 95736944 a multiple of 356?
True
Is 63982660 a multiple of 1484?
True
Does 44 divide 557259047?
False
Is 95 a factor of 4225505?
True
Is 2334197636 a multiple of 455?
False
Is 202119915 a multiple of 111?
False
Is 896 a factor of 102446848?
True
Does 2791 divide 108032710?
False
Does 7 divide 25407508?
True
Is 63357016 a multiple of 4?
True
Does 103 divide 23425334?
False
Does 597 divide 13948308?
True
Does 59 divide 12257545?
True
Is 514714959 a multiple of 5163?
True
Does 3507 divide 338523696?
True
Is 60669687 a multiple of 36?
False
Is 374697516 a multiple of 21?
False
Does 330 divide 3099654?
False
Is 15745822 a multiple of 218?
False
Does 30 divide 13896570?
True
Does 1152 divide 666504576?
True
Is 62186638 a multiple of 244?
False
Does 226 divide 15975159?
False
Does 474 divide 18178374?
True
Is 19 a factor of 7175951?
False
Does 7315 divide 1167356960?
True
Is 28 a factor of 82515462?
False
Does 3590 divide 645937930?
True
Does 65 divide 628857775?
True
Is 369 a factor of 11854321?
False
Does 1443 divide 6313125?
True
Does 369 divide 723478159?
False
Is 100 a factor of 48653616?
False
Is 90 a factor of 757742940?
True
Is 406 a factor of 131221636?
True
Is 11 a factor of 889276528?
False
Is 586 a factor of 65755835?
False
Is 72637535 a multiple of 19?
False
Does 188 divide 137322949?
False
Is 86212205 a multiple of 281?
True
Is 2 a factor of 54688?
True
Is 276183392 a multiple of 5553?
False
Is 276640333 a multiple of 2499?
False
Is 65502730 a multiple of 239?
True
Is 147 a factor of 16172499?
True
Is 781 a factor of 137360839?
False
Does 41 divide 60515590?
True
Does 492 divide 1008544896?
True
Is 216842157 a multiple of 357?
True
Is 38382289 a multiple of 16?
False
Is 390 a factor of 310402560?
True
Is 433984939 a multiple of 17?
False
Does 2253 divide 244614969?
True
Is 475773829 a multiple of 43?
False
Does 232 divide 31705145?
False
Is 255598046 a multiple of 5?
False
Does 31 divide 226530764?
True
Does 118 divide 24103346?
False
Is 633804402 a multiple of 4074?
True
Does 2 divide 183615459?
False
Does 2198 divide 119796201?
False
Does 55 divide 32646315?
False
Is 71 a factor of 49498360?
True
Is 1592 a factor of 352328966?
False
Does 1163 divide 26573026?
False
Is 14 a factor of 159362728?
True
Is 9504252 a multiple of 34?
False
Is 99654766 a multiple of 352?
False
Is 427289127 a multiple of 785?
False
Is 68764169 a multiple of 34?
False
Is 2 a factor of 62858954?
True
Does 514 divide 23299106?
True
Is 118602620 a multiple of 249?
False
Is 50477295 a multiple of 1081?
True
Is 412526622 a multiple of 34?
False
Is 237021805 a multiple of 4?
False
Does 154 divide 393234093?
False
Is 2